623 composite?
False
Is 4778639 a prime number?
False
Is 8028019 prime?
True
Is 63210311 a prime number?
True
Is 101996887 composite?
True
Is 404880191 prime?
False
Is 4185001 a composite number?
True
Is 395254643 a composite number?
True
Is 2611883063 a prime number?
True
Is 211151431 a composite number?
True
Is 165819353 composite?
True
Is 7077271 prime?
False
Is 23990651 a prime number?
True
Is 587471 prime?
False
Is 64621397 a prime number?
True
Is 1120118063 a composite number?
False
Is 6363517 a prime number?
False
Is 15006577 prime?
True
Is 9843979 a composite number?
False
Is 31339331 composite?
False
Is 11267689 prime?
False
Is 7197601 a composite number?
False
Is 461229 composite?
True
Is 278741971 a composite number?
True
Is 260697953 a composite number?
True
Is 866309 a composite number?
False
Is 3193313 a composite number?
False
Is 5372423 prime?
False
Is 574423 a composite number?
False
Is 22665023 composite?
True
Is 1022309 composite?
True
Is 44839495 a composite number?
True
Is 910847 composite?
True
Is 12153153 a composite number?
True
Is 12384133 composite?
False
Is 4257611 a prime number?
True
Is 863201 composite?
True
Is 50785313 a prime number?
True
Is 29303017 a composite number?
False
Is 15989599 composite?
False
Is 8923951 prime?
True
Is 22067333 prime?
True
Is 65921 composite?
False
Is 9812126 a prime number?
False
Is 12381011 prime?
True
Is 51295021 a composite number?
False
Is 396818761 composite?
False
Is 267404281 a composite number?
False
Is 3579641 a composite number?
True
Is 450752503 composite?
False
Is 1818449 a composite number?
True
Is 387661 prime?
False
Is 108704359 a prime number?
True
Is 183737089 a composite number?
False
Is 1778899 prime?
True
Is 168139 prime?
False
Is 1560103 a composite number?
True
Is 812429 composite?
True
Is 563071 composite?
True
Is 160481 composite?
False
Is 279269 composite?
False
Is 14532389 composite?
True
Is 858907 a composite number?
True
Is 66073567 prime?
False
Is 42328543 prime?
True
Is 2288939 composite?
False
Is 1408567 prime?
True
Is 137477 a composite number?
False
Is 16664317 a prime number?
True
Is 78550715 a prime number?
False
Is 65936677 prime?
True
Is 1848751 a composite number?
False
Is 1478927 prime?
False
Is 46211413 composite?
True
Is 735193 a prime number?
True
Is 11087327 a composite number?
False
Is 5150549 composite?
False
Is 4073411 prime?
True
Is 1105913 a composite number?
False
Is 1611131 composite?
False
Is 1873967 composite?
False
Is 25628233 composite?
True
Is 1003273 prime?
True
Is 302108243 prime?
False
Is 80612333 composite?
True
Is 911033 a prime number?
True
Is 8508949 composite?
False
Is 9374935 a composite number?
True
Is 82773155 prime?
False
Is 13209637 composite?
True
Is 2900147 a prime number?
True
Is 34919459 prime?
True
Is 1277963 a prime number?
False
Is 205576777 a prime number?
False
Is 121214299 a prime number?
True
Is 44871871 prime?
False
Is 36837287 prime?
True
Is 2833921 prime?
True
Is 37069873 a composite number?
False
Is 2814649 a prime number?
False
Is 2813981 prime?
False
Is 22503439 composite?
True
Is 3271459 prime?
True
Is 11197577 composite?
True
Is 1458895 a prime number?
False
Is 1866817 prime?
False
Is 1145741 composite?
False
Is 9379199 prime?
True
Is 84047141 prime?
True
Is 1388841 prime?
False
Is 924221 a composite number?
True
Is 5372051 a prime number?
False
Is 42467953 a prime number?
False
Is 15883591 prime?
True
Is 197140877 composite?
False
Is 195787 a composite number?
False
Is 17666549 composite?
True
Is 238913179 a prime number?
True
Is 4976101 a composite number?
True
Is 159899 a composite number?
False
Is 53769077 a prime number?
True
Is 69455761 a prime number?
False
Is 71119 composite?
False
Is 137214221 prime?
True
Is 191111 prime?
False
Is 4174069 composite?
False
Is 64572779 composite?
False
Is 2716157 a prime number?
True
Is 79998287 composite?
False
Is 91759541 prime?
True
Is 292480037 a prime number?
True
Is 2684047 a prime number?
False
Is 1382399 a prime number?
False
Is 89391671 composite?
False
Is 31654451 composite?
True
Is 859121 prime?
True
Is 20186213 a composite number?
False
Is 116339 composite?
True
Is 62248643 a composite number?
False
Is 6509539 a prime number?
False
Is 5609134 composite?
True
Is 1422461 composite?
False
Is 68655553 composite?
False
Is 310374343 a prime number?
False
Is 4295761 prime?
True
Is 68613029 a prime number?
False
Is 100484689 a prime number?
False
Is 1306661 prime?
True
Is 5541878 composite?
True
Is 5436857 composite?
True
Is 287795891 composite?
False
Is 5099117 a composite number?
True
Is 125611 composite?
True
Is 46319809 a composite number?
True
Is 67204591 a composite number?
True
Is 805843 a composite number?
False
Is 196058867 a composite number?
False
Is 1740521 prime?
True
Is 84536391 a prime number?
False
Is 8571989 a prime number?
False
Is 2465965 a prime number?
False
Is 35298691 a prime number?
True
Is 8677651 composite?
False
Is 115144973 a composite number?
False
Is 13743221 composite?
False
Is 872862091 a prime number?
True
Is 4387831 a prime number?
False
Is 21806063 a prime number?
True
Is 1897787 a prime number?
True
Is 1349729 prime?
False
Is 516851 a prime number?
False
Is 1082317 a prime number?
True
Is 4353431 a composite number?
False
Is 125544119 prime?
True
Is 749841 composite?
True
Is 96158453 a prime number?
True
Is 1128661 prime?
True
Is 32336833 prime?
False
Is 803134 prime?
False
Is 34101313 prime?
False
Is 193045493 prime?
True
Is 4400453 a composite number?
True
Is 736211771 a composite number?
False
Is 30082607 a prime number?
False
Is 213850583 a prime number?
True
Is 15241133 prime?
True
Is 5448553 a composite number?
True
Is 53871101 a prime number?
True
Is 732922 prime?
False
Is 15368915 a composite number?
True
Is 14298269 prime?
False
Is 1313597 a composite number?
False
Is 172260037 prime?
True
Is 2711399 composite?
False
Is 4753787 prime?
True
Is 1590161 a composite number?
False
Is 2336839 composite?
False
Is 113635921 composite?
True
Is 28519753 a prime number?
True
Is 2426957 prime?
False
Is 42548897 composite?
True
Is 38473 a composite number?
True
Is 27408763 prime?
False
Is 119332081 prime?
False
Is 506931 a composite number?
True
Is 185329093 composite?
True
Is 581773 composite?
False
Is 6075367 a prime number?
True
Is 761149 composite?
True
Is 878326 composite?
True
Is 4361311 prime?
True
Is 136350283 composite?
False
Is 44417 a prime number?
True
Is 72590411 prime?
False
Is 22357039 prime?
True
Is 37133633 a composite number?
False
Is 6687991 a prime number?
False
Is 839767 composite?
False
Is 2165291 a prime number?
True
Is 388879559 a composite number?
False
Is 1234439 composite?
False
Is 11847463 a prime number?
True
Is 508489 a composite number?
False
Is 31126183 prime?
False
Is 2458693 composite?
True
Is 1431527 composite?
True
Is 1294093 prime?
False
Is 55230265 composite?
True
Is 2464751 a prime number?
True
Is 15034223 composite?
False
Is 13626997 a composite number?
False
Is 2736223 prime?
False
Is 5801585 composite?
True
Is 258551 a composite number?
False
Is 37970171 prime?
False
Is 190050671 a composite number?
False
Is 152985467 a prime number?
False
Is 4362551 prime?
True
Is 9225397 a prime number?
True
Is 91532941 a composite number?
False
Is 72984017 composite?
True
Is 56267879 a prime number?
False
Is 18696455 prime?
False
Is 6975239 prime?
True
Is 8265227 a prime number?
True
Is 7358809 composite?
False
Is 1226741 a composite number?
False
Is 12024461 prime?
True
Is 550963363 a composite number?
False
Is 1296877 a composite number?
False
Is 38378189 composite?
False
Is 593797387 a composite number?
False
Is 25149169 a composite number?
False
Is 12454573 prime?
True
Is 3026689 prime?
False
Is 30698993 composite?
True
Is 4428077 composite?
True
Is 4501 composite?
True
Is 68624503 a prime number?
True
Is 15106139 a prime number?
True
Is 84690257 a prime number?
False
Is 19744573 a prime number?
True
Is 3788471 a prime number?
False
Is 7346623 a composite number?
False
Is 12412713 a prime number?
False
Is 17612267 a prime number?
False
Is 330487 composite?
True
Is 2192243 composite?
False
Is 1056863 a prime number?
True
Is 3797369 a prime number?
False
Is 311409377 a prime number?
True
